s 86 divide 71737846?
True
Does 1844 divide 222252128?
False
Is 2879 a factor of 83971793?
True
Does 2267 divide 849678935?
False
Is 80010287 a multiple of 13?
False
Is 805 a factor of 53573555?
True
Is 39 a factor of 172359386?
False
Is 80 a factor of 1845466?
False
Is 7 a factor of 31247524?
True
Is 742061269 a multiple of 15?
False
Is 2522607432 a multiple of 46?
True
Does 138 divide 11003568?
True
Does 49 divide 3468122?
True
Does 7 divide 92412170?
False
Does 373 divide 18381036?
False
Is 579251734 a multiple of 4027?
True
Is 335 a factor of 328364524?
False
Does 684 divide 94101587?
False
Does 6 divide 2094347434?
False
Is 2369951987 a multiple of 639?
False
Does 19 divide 13387989?
True
Does 411 divide 22088373?
True
Does 12 divide 17321188?
False
Is 28 a factor of 33963791?
False
Does 679 divide 21903861?
True
Is 41 a factor of 91495723?
True
Is 8527904 a multiple of 11?
True
Is 607 a factor of 246975553?
True
Is 18658417 even?
False
Is 54877080 a multiple of 23?
True
Is 41 a factor of 473770498?
True
Is 310 a factor of 6303630?
False
Is 48965860 a multiple of 20?
True
Does 9 divide 394506198?
True
Does 20 divide 1011781080?
True
Is 4325 a factor of 288360665?
False
Does 10 divide 39354100?
True
Is 485 a factor of 78628784?
False
Is 571803146 a multiple of 243?
False
Does 637 divide 171745535?
False
Is 985446497 a multiple of 8061?
False
Is 72049536 a multiple of 408?
True
Is 20 a factor of 28947760?
True
Does 15 divide 552998?
False
Does 317 divide 95591667?
True
Is 2413295 a multiple of 11?
False
Is 15600325 a multiple of 19?
False
Is 218379710 a multiple of 230?
True
Is 5 a factor of 2211032?
False
Does 14 divide 322134022?
True
Is 505 a factor of 215371390?
True
Does 1825 divide 135664611?
False
Does 18 divide 621442045?
False
Is 1012 a factor of 79340800?
True
Is 78909622 a multiple of 9?
False
Is 724377528 a multiple of 9?
True
Does 487 divide 3905914959?
False
Does 87 divide 46970755?
False
Is 2828875 a multiple of 371?
True
Is 424138340 a multiple of 4?
True
Does 117 divide 346133907?
False
Is 159 a factor of 48482992?
False
Is 1003 a factor of 2155295547?
True
Is 526549839 a multiple of 123?
True
Is 49440629 a multiple of 41?
True
Is 318979653 a multiple of 703?
False
Is 13 a factor of 92093318?
False
Is 14479425 a multiple of 11?
False
Does 977 divide 1288664954?
True
Does 6 divide 1326469?
False
Is 1062 a factor of 604773954?
True
Is 5411737 a multiple of 415?
False
Does 152 divide 165295288?
True
Is 219 a factor of 1549589907?
True
Does 32 divide 229538541?
False
Is 3043846815 a multiple of 145?
True
Is 3 a factor of 3454890?
True
Is 769 a factor of 49544429?
False
Does 31 divide 3029220?
False
Is 177820512 a multiple of 2488?
False
Does 52 divide 49115280?
False
Does 8 divide 1622424304?
True
Does 921 divide 3385748886?
True
Does 4 divide 2985244?
True
Is 227 a factor of 5004789083?
True
Does 57 divide 86499943?
False
Is 181 a factor of 743680311?
True
Does 136 divide 5970290861?
False
Does 307 divide 983739349?
False
Does 164 divide 61551487?
False
Is 70982386 a multiple of 22?
False
Is 207 a factor of 155121039?
True
Does 20 divide 385479271?
False
Is 8 a factor of 248290610?
False
Is 431070440 a multiple of 20?
True
Is 562237402 a multiple of 3265?
False
Does 3 divide 25352150?
False
Is 131760076 a multiple of 31?
False
Does 29 divide 166474819?
True
Is 1511639231 a multiple of 4553?
False
Is 10 a factor of 92510687?
False
Is 59915570 a multiple of 13?
True
Does 17 divide 377164920?
False
Is 173 a factor of 42122697?
False
Is 1077767438 a multiple of 441?
False
Is 120529448 a multiple of 236?
True
Is 3 a factor of 29772411?
True
Is 66768510 a multiple of 1506?
True
Is 8 a factor of 11746034?
False
Is 11 a factor of 4989281?
True
Is 330800256 a multiple of 1829?
True
Is 54225535 a multiple of 20?
False
Is 61 a factor of 61239535?
False
Is 5438049 a multiple of 61?
False
Is 254 a factor of 71069962?
True
Is 1327909784 a multiple of 362?
False
Is 327 a factor of 54912575?
False
Does 601 divide 2266086727?
True
Is 9815730 a multiple of 6?
True
Is 121676682 even?
True
Is 101 a factor of 600695081?
False
Is 5870825776 a multiple of 337?
True
Is 10 a factor of 1369403706?
False
Is 252081491 a multiple of 31?
True
Does 4 divide 43505669?
False
Does 9 divide 153470817?
True
Does 872 divide 785168580?
False
Is 10661752 a multiple of 85?
False
Does 217 divide 1092120638?
True
Is 4782047808 a multiple of 6464?
True
Does 1924 divide 222768416?
True
Is 604 a factor of 79563712?
True
Is 878 a factor of 803847632?
True
Is 293770 a multiple of 2?
True
Is 834273809 a multiple of 4?
False
Does 532 divide 2001365?
False
Is 294 a factor of 37391302?
False
Does 6907 divide 662091853?
False
Is 5979402 a multiple of 138?
True
Is 36 a factor of 61822980?
True
Does 2050 divide 342309000?
True
Is 4375391899 a multiple of 180?
False
Does 41 divide 3267580157?
True
Is 6657800 a multiple of 8?
True
Is 1085597163 a multiple of 2289?
True
Is 163935744 a multiple of 14?
True
Is 47 a factor of 80013458?
True
Is 58 a factor of 113346906?
True
Is 21 a factor of 22932924?
True
Is 4608740 a multiple of 118?
False
Is 1052 a factor of 947645002?
False
Is 610811947 a multiple of 3131?
False
Is 3 a factor of 171024362?
False
Is 105 a factor of 21830970?
True
Is 7 a factor of 24583958?
True
Is 86 a factor of 1036177450?
True
Is 3864 a factor of 441546165?
False
Is 82840472 a multiple of 1276?
True
Does 3905 divide 1292000490?
True
Does 20 divide 1174584304?
False
Does 200 divide 299484469?
False
Does 7 divide 2457110719?
True
Is 84293125 a multiple of 8?
False
Is 9606033 a multiple of 13177?
True
Does 4 divide 32694240?
True
Is 400 a factor of 168050487?
False
Is 87 a factor of 253609079?
False
Is 1808 a factor of 203634791?
False
Is 54 a factor of 106807841?
False
Does 142 divide 67860496?
False
Does 225 divide 1286273925?
True
Does 106 divide 8756236?
True
Is 1133856 a multiple of 42?
False
Does 2764 divide 50339370?
False
Is 189538224 a multiple of 1320?
False
Is 7 a factor of 227918635?
True
Is 647254056 a multiple of 7684?
True
Is 215032260 a multiple of 871?
False
Is 233007 a multiple of 101?
True
Is 187 a factor of 190773473?
True
Is 65 a factor of 99417890?
True
Is 29693383 a multiple of 247?
False
Is 73338048 a multiple of 108?
True
Is 364 a factor of 118692756?
True
Is 16002070 a multiple of 75?
False
Is 5 a factor of 511005655?
True
Is 25 a factor of 4067500?
True
Is 21 a factor of 61953693?
False
Does 76 divide 2783249526?
False
Is 771472274 a multiple of 17?
True
Does 258 divide 61362204?
True
Is 196 a factor of 576598791?
False
Is 2656109154 a multiple of 2362?
True
Is 556 a factor of 756263972?
True
Is 165 a factor of 2795768546?
False
Does 232 divide 14096784?
True
Does 872 divide 745668755?
False
Is 15857956 a multiple of 569?
False
Does 359 divide 840624858?
False
Is 69 a factor of 1238395?
False
Does 3148 divide 1139084134?
False
Is 233870985 a multiple of 885?
True
Is 2317468158 a multiple of 789?
True
Does 1588 divide 101363628?
True
Is 30265108 a multiple of 17?
False
Is 17 a factor of 704385?
False
Does 156 divide 653695435?
False
Is 1141 a factor of 8380491?
False
Is 35 a factor of 72160620?
True
Does 34 divide 85119918?
True
Is 35003284 a multiple of 4?
True
Does 61 divide 22519113?
False
Is 127250625 a multiple of 55?
False
Is 68264100 a multiple of 900?
True
Is 12 a factor of 12243828?
True
Is 16 a factor of 1533520?
True
Is 95 a factor of 677197247?
False
Does 512 divide 2526531258?
False
Is 562393 a multiple of 5?
False
Does 5099 divide 2582143798?
True
Is 79593998 a multiple of 2067?
False
Does 5355 divide 1173398310?
True
Is 14 a factor of 238653529?
False
Is 2993112276 a multiple of 748?
True
Does 232 divide 353853592?
True
Is 3 a factor of 739061067?
True
Does 26 divide 1180556?
True
Is 859561802 a multiple of 17?
False
Does 17 divide 17478927?
False
Does 149 divide 181064651?
True
Does 472 divide 618780200?
True
Is 29428672 a multiple of 52?
True
Does 116 divide 552692092?
True
Is 23 a factor of 49712016?
True
Is 4288333 a multiple of 646?
False
Is 5 a factor of 5083968?
False
Is 19258722 a multiple of 259?
True
Is 504 a factor of 578536560?
True
Does 540 divide 19235157?
False
Is 1011 a factor of 995910177?
False
Is 19 a f